3
What is the highest common divisor of 1183 and 2704?
169
What is the highest common divisor of 32120 and 176?
88
Calculate the greatest common divisor of 78 and 294.
6
Calculate the greatest common divisor of 819 and 63.
63
What is the greatest common factor of 2 and 1458?
2
What is the greatest common factor of 1788 and 156?
12
Calculate the highest common divisor of 350 and 2.
2
What is the highest common factor of 2280 and 95?
95
Calculate the highest common factor of 266 and 76.
38
What is the greatest common factor of 232 and 1682?
58
Calculate the greatest common divisor of 1767 and 3069.
93
Calculate the greatest common divisor of 2743 and 13.
13
Calculate the highest common divisor of 18 and 549.
9
Calculate the greatest common factor of 8 and 36.
4
What is the highest common divisor of 2158 and 26?
26
Calculate the greatest common divisor of 17552 and 8.
8
Calculate the greatest common factor of 355 and 85.
5
What is the greatest common factor of 108 and 7938?
54
What is the highest common factor of 4400 and 176?
176
What is the highest common factor of 556 and 695?
139
Calculate the highest common divisor of 4 and 34.
2
What is the greatest common divisor of 1628 and 11?
11
Calculate the highest common divisor of 4 and 188.
4
What is the greatest common divisor of 47 and 2?
1
What is the greatest common divisor of 77 and 33?
11
Calculate the highest common factor of 437 and 184.
23
What is the greatest common divisor of 555 and 148?
37
Calculate the greatest common factor of 225 and 9225.
225
Calculate the highest common factor of 27 and 243.
27
Calculate the greatest common factor of 112 and 126.
14
What is the highest common divisor of 63 and 45?
9
What is the greatest common divisor of 26 and 13?
13
What is the greatest common factor of 126 and 12?
6
Calculate the highest common divisor of 12696 and 24.
24
Calculate the greatest common divisor of 8750 and 500.
250
Calculate the greatest common divisor of 170 and 40.
10
Calculate the highest common factor of 196 and 735.
49
Calculate the highest common factor of 40 and 3230.
10
Calculate the highest common divisor of 115 and 184.
23
Calculate the highest common divisor of 12730 and 190.
190
What is the highest common divisor of 868 and 28?
28
Calculate the highest common divisor of 9 and 549.
9
Calculate the highest common divisor of 39 and 4082.
13
What is the greatest common divisor of 700 and 500?
100
Calculate the highest common factor of 75 and 905.
5
Calculate the greatest common factor of 48 and 276.
12
What is the highest common divisor of 25 and 2?
1
What is the greatest common divisor of 88 and 198?
22
What is the greatest common factor of 2 and 53?
1
Calculate the highest common divisor of 53 and 689.
53
Calculate the highest common divisor of 798 and 126.
42
Calculate the greatest common factor of 11 and 49.
1
Calculate the highest common divisor of 94 and 329.
47
What is the greatest common divisor of 3222 and 18?
18
What is the greatest common factor of 43 and 3?
1
What is the highest common divisor of 198 and 36?
18
What is the highest common divisor of 33 and 21?
3
What is the highest common divisor of 52 and 286?
26
Calculate the highest common divisor of 1920 and 8.
8
Calculate the greatest common divisor of 5012 and 28.
28
Calculate the greatest common divisor of 84 and 672.
84
Calculate the highest common factor of 448 and 64.
64
Calculate the highest common divisor of 158 and 50.
2
Calculate the highest common divisor of 2 and 31.
1
Calculate the highest common divisor of 1617 and 4543.
77
What is the highest common divisor of 45 and 885?
15
Calculate the highest common factor of 91 and 3640.
91
Calculate the greatest common factor of 1755 and 10.
5
What is the highest common factor of 40 and 45?
5
What is the greatest common factor of 860 and 100?
20
What is the greatest common divisor of 738 and 54?
18
Calculate the greatest common factor of 1406 and 152.
38
Calculate the highest common factor of 341 and 155.
31
Calculate the greatest common factor of 4690 and 70.
70
Calculate the highest common factor of 70 and 140.
70
Calculate the greatest common divisor of 21 and 3738.
21
What is the greatest common factor of 242 and 198?
22
Calculate the greatest common factor of 5192 and 176.
88
Calculate the highest common factor of 364 and 1540.
28
Calculate the highest common factor of 90 and 18.
18
Calculate the highest common divisor of 25 and 7600.
25
What is the highest common divisor of 382 and 2?
2
Calculate the highest common divisor of 92 and 322.
46
Calculate the greatest common divisor of 497 and 355.
71
What is the highest common factor of 476 and 42?
14
What is the greatest common divisor of 1288 and 35?
7
What is the greatest common divisor of 148 and 32?
4
What is the highest common factor of 3184 and 32?
16
What is the greatest common factor of 11 and 517?
11
What is the greatest common divisor of 45 and 9645?
15
Calculate the highest common factor of 481 and 8621.
37
What is the greatest common divisor of 132 and 209?
11
What is the greatest common divisor of 165 and 2585?
55
Calculate the highest common factor of 500 and 20.
20
What is the highest common factor of 444 and 15688?
148
Calculate the highest common divisor of 3472 and 1120.
112
What is the highest common factor of 126 and 6?
6
What is the highest common factor of 82 and 205?
41
Calculate the highest common factor of 15593 and 93.
31
What is the highest common divisor of 1390 and 10?
10
What is the greatest common factor of 7 and 112?
7
What is the highest common divisor of 116 and 124?
4
Calculate the highest common divisor of 4427 and 19.
19
Calculate the greatest common divisor of 2604 and 24.
12
Calculate the greatest common divisor of 422 and 8651.
211
Calculate the greatest common divisor of 52 and 286.
26
What is the highest common factor of 374 and 102?
34
What is the highest common factor of 96 and 2560?
32
Calculate the greatest common divisor of 68 and 4.
4
Calculate the greatest common divisor of 261 and 9.
9
What is the greatest common factor of 288 and 90?
18
Calculate the highest common factor of 9712 and 16.
16
What is the greatest common factor of 39 and 91?
13
What is the greatest common factor of 516 and 12?
12
What is the highest common divisor of 8 and 41?
1
What is the highest common divisor of 217 and 403?
31
Calculate the greatest common factor of 63 and 231.
21
Calculate the highest common divisor of 479 and 2.
1
Calculate the greatest common divisor of 648 and 81.
81
What is the greatest common factor of 148 and 74?
74
What is the highest common factor of 3731 and 82?
41
Calculate the highest common divisor of 13184 and 103.
103
Calculate the highest common divisor of 10 and 54.
2
What is the greatest common divisor of 90 and 306?
18
What is the greatest common divisor of 7 and 1?
1
What is the greatest common divisor of 806 and 78?
26
Calculate the highest common factor of 7 and 18606.
7
What is the highest common divisor of 500 and 20?
20
Calculate the greatest common factor of 32 and 544.
32
Calculate the greatest common divisor of 549 and 2135.
61
What is the highest common factor of 78 and 12?
6
Calculate the greatest common divisor of 686 and 28.
14
What is the greatest common factor of 7 and 6013?
7
What is the highest common factor of 1360 and 128?
16
What is the greatest common divisor of 166 and 55942?
166
Calculate the highest common divisor of 22 and 297.
11
Calculate the greatest common divisor of 126 and 546.
42
Calculate the highest common factor of 75 and 5725.
25
What is the highest common divisor of 32 and 4448?
32
What is the greatest common divisor of 13390 and 520?
130
Calculate the highest common divisor of 116 and 41876.
116
Calculate the highest common divisor of 64 and 960.
64
What is the highest common divisor of 30 and 5430?
30
What is the highest common divisor of 30 and 20?
10
Calculate the greatest common factor of 100 and 20.
20
What is the greatest common factor of 6969 and 606?
303
What is the highest common factor of 1494 and 332?
166
What is the greatest common divisor of 45 and 135?
45
Calculate the greatest common factor of 1224 and 1088.
136
What is the greatest common factor of 8 and 92?
4
Calculate the greatest commo